*c + 2. Calculate a(t).
46
Let f(a) = -20 + 13*a + 0*a + 8820481*a**3 + 16*a**2 - 8820480*a**3. Calculate f(-15).
10
Let s be (-9)/9*20/(-4). Let m(i) = 8*i - 5. Give m(s).
35
Let l(h) be the second derivative of h**3/2 + 4*h**2 + 2*h. Let p(v) = -v**3 - 20*v**2 - 3*v - 66. Let s be p(-20). What is l(s)?
-10
Let z(m) = -2*m - 7. Let g be (1/(-3))/((-8)/(8715 + -3)). Let f = g - 367. Determine z(f).
1
Let x = -151 + 153. Let g be x*(5 - 8)*(-2)/3. Let f(z) = -z**2 + 4*z + 5. What is f(g)?
5
Let q = 10849 - 10842. Let c(i) = i**3 - 5*i**2 - 5*i - 16. What is c(q)?
47
Let f(i) = -i**2 - 27*i - 89. Let x be 0/(-7) + (-1 + 0/(-3))*23. Give f(x).
3
Let d(y) = 459*y + 78. Let s(i) = -267*i - 47. Let t(c) = 7*d(c) + 12*s(c). Give t(7).
45
Let l(y) be the second derivative of y**4/12 - 5*y**3/2 + 31*y**2/2 - 786*y. What is l(13)?
5
Let g = -23302 - -23292. Let y(w) = w**2 + 6*w + 23. What is y(g)?
63
Let p(b) be the first derivative of 142 + 2*b - 1/2*b**2. Determine p(-8).
10
Let d(x) = 69 - 2*x + 44 - 26*x - 42 + 43*x. What is d(-4)?
11
Let q = -296 - -297. Let o be ((-62)/(-6) - q) + 23/(-69). Let m(g) = g**2 - 9*g + 5. Determine m(o).
5
Let j(r) be the first derivative of r + 124 - r**2 - 4/3*r**3 - 1/2*r**4. Give j(-2).
5
Let x(o) = -o - 1. Suppose -2*s + 10 = -0*s. Suppose 0 = 5*z - 2*z - s*b + 20, 0 = 5*z + 4*b - 16. Suppose -36*p + 34*p - 12 = z. Give x(p).
5
Suppose -3 = 3*a + 3. Let q(y) be the first derivative of -y**6/120 + y**4/24 + y**3/3 + 475*y**2/2 + 224. Let c(z) be the second derivative of q(z). Give c(a).
8
Let i = 71989/12 - 5999. Let l(g) be the third derivative of -1/30*g**5 + 0*g + 2*g**2 - i*g**6 - 1/12*g**4 - 1/6*g**3 + 0. Calculate l(-1).
9
Let s(y) = -196742*y**2 + 196707*y**2 + 8*y + 3*y + 9. Calculate s(-1).
-37
Suppose -1191*j = -1288*j. Let i(d) = 2*d**2 + 2*d + 2. What is i(j)?
2
Let p(q) = -6*q + 233. Let j be p(25). Let h(y) = 155*y - 11 - j*y - 74*y. Calculate h(-5).
-1
Suppose 685 = 2*n + 677. Let h(k) be the second derivative of -k**3/6 + 2*k**2 - 4*k + 1. Give h(n).
0
Let k = 99 + -98. Let l(f) = f**2 + 3*f + 3. Let m be l(-4). Let d(z) = -4*z + 0*z - m*z. Give d(k).
-11
Let q(k) = k**3 - 10*k**2 - k + 7. Suppose 64*l - 3*o + 527 = 62*l, -3*l - 2*o = 771. Let z = -249 - l. Calculate q(z).
-3
Let g = -178 + 173. Let p be -5 - -1 - g*(4 - 3). Let a(d) = -d**3 - 1. Determine a(p).
-2
Let w(k) = -94*k + 11. Let u(r) = 113*r - 13. Let o(t) = -5*u(t) - 6*w(t). Let n(v) = -v**2 - 2*v + 17. Let g be n(-5). Calculate o(g).
-3
Let p(y) = -51*y**3 + 13*y**2 + 20*y - 64. Let z(i) = 37*i**3 - 10*i**2 - 15*i + 48. Let b(x) = 8*p(x) + 11*z(x). Determine b(-5).
16
Let d be 9/(-6) - (-63)/18. Let g(w) = 4*w**3 + 7*w + 1 - 14*w**3 - 5*w + 5*w + 9*w**3 + w**d. Calculate g(3).
4
Let k(n) = 2*n**2 + 1. Let i(r) be the third derivative of 3*r**5/20 + 11*r**4/24 - 2*r**3 - 290*r**2. Let s(u) = -i(u) + 4*k(u). Give s(-12).
4
Let u(c) be the third derivative of -c**6/120 + 11*c**5/20 + 11*c**4/4 + 24*c**3 - 56*c**2 + 2*c. Let h be u(35). Let k(l) = -l**2 + 5*l - 5. Calculate k(h).
-1
Let q(j) = -13*j - 100. Let g be q(-7). Let k(n) = n - 8. Give k(g).
-17
Let u(p) = p**2 - 115*p - 3018. Let t be u(137). Let r(n) = -6*n - 16. Give r(t).
8
Let v be (-480)/(-25) + (-1)/(-5)*-1. Let z(x) be the third derivative of x**5/60 - 19*x**4/24 + x**3/3 - 474*x**2. Calculate z(v).
2
Let k(v) = 25*v**2 + 49*v - 89. Let c(g) = 12*g**2 + 25*g - 39. Let w(d) = 9*c(d) - 4*k(d). Determine w(-3).
-10
Let s be (104/20 + -2)*(5 - 0). Let k(c) = 2*c - s*c + 7 + 2*c**2 + 8*c - 5*c**2 - c**3 + 7*c**2. Give k(3).
-2
Let i(c) = c**2 - 15*c - 45. Let u(d) = -2*d - 3. Let j(x) = i(x) - 8*u(x). Let o = 6 + -8. Let l be -3 + (2 - 2/o). What is j(l)?
-21
Let i(a) = -a**3 + 2*a**2 - 2*a + 1. Let n = -29 - -31. Let o be i(n). Let w(x) = 20*x + 31. Let l(b) = -7*b - 11. Let h(c) = 11*l(c) + 4*w(c). What is h(o)?
-6
Let f = -1/15670 - -78353/47010. Let j(x) be the first derivative of 1/4*x**4 - x - 30 + 2*x**2 + f*x**3. Determine j(-4).
-1
Let k(j) = 2*j + 1. Suppose 10 + 8 = 18*z. Let q(d) = 7*d - 1. Let x(o) = z*k(o) + q(o). Determine x(2).
18
Let s(b) be the second derivative of -1/3*b**3 - 1/4*b**4 - 7*b + 0 + 0*b**2. Let u(p) = p**2 - 6*p + 6. Let l be u(4). Give s(l).
-8
Let d = -792 + 1468. Let p = d + -682. Let l(s) = 3*s + 10. What is l(p)?
-8
Let u(i) be the first derivative of 273 - 1/4*i**4 + i**2 - 8*i + 8/3*i**3. Determine u(8).
8
Let n(r) = -17*r**2 - 13*r - 2. Let a(k) = 37*k**2 + 27*k + 3. Let u(j) = 6*a(j) + 13*n(j). Let s be (-8)/(-20) + (-798)/(-105). Give u(s).
0
Let g(y) = -2*y**3 + 68*y**2 + 5*y - 158. Let u be g(34). Let l(t) = -3*t - 52. Calculate l(u).
-88
Let x(f) = 20*f + 14. Let q be 9/(-5) - (-1540)/1925. What is x(q)?
-6
Let p = 468 + -167. Let f = p - -98. Let h(s) = 399 - f - 3*s. Determine h(-1).
3
Let v(k) = 743*k - 245*k + 60 - 250*k - 245*k. Determine v(-19).
3
Let h be ((-126)/15 + 4)/((-2)/5). Let f(p) = -1 + 7*p - 8 + h*p - 16*p. What is f(-9)?
-27
Let j = 348 - 102. Let n(m) = 4 + 6*m + 5 - 5 - j*m**2 + 247*m**2. Suppose -35 = 5*w - 5. What is n(w)?
4
Let b(u) = u + 1. Let g(n) = -19*n + 8. Let q(d) = -3*b(d) + g(d). Let p(i) = 21*i - 4. Let t(v) = 5*p(v) + 4*q(v). Let f = 18 - 19. Determine t(f).
-17
Let h be (-1)/((5/(-4))/5). Let z(v) = 3*v - v + h + 2. Let t(u) = -u**2 - 2481*u - 14860. Let d be t(-6). Give z(d).
-14
Let d(y) = y**2 - 9*y - 13. Let b be ((-8)/(-6) + 0)/(25/(-150)). Let h(x) = 6*x + 58. Let r be h(b). Give d(r).
-3
Let q(y) = -21 + 38 - 10 - y. Let c be ((-14)/4)/(210/(-120)). What is q(c)?
5
Let f be (4 + -3)/((-41)/(-82)). Let p(j) = j. Let n(q) be the second derivative of -q**3/6 + q**2 + q. Let t(a) = f*p(a) + n(a). Give t(-2).
0
Let s(k) be the third derivative of -k**4/3 - 832*k**2. What is s(5)?
-40
Let a(m) = 44*m + 33. Let x(j) = -8*j. Let q(z) = a(z) + 6*x(z). Determine q(10).
-7
Let l(j) = -5*j + 2*j - j**2 + 4*j. Let c(d) = 4*d**2 - d - 1. Let x(n) = c(n) + 5*l(n). Suppose 56*p - 191*p = 273*p - 2040. Give x(p).
-6
Let m(b) = -b**2 + 2*b - 5. Suppose -r - 4 = h, 5*h = 5*r + 7 + 33. Let a be ((-14)/(-49))/(r/(-168)). Give m(a).
-53
Suppose 4*b - 6*m + 3*m - 31 = 0, -40 = -5*b + 4*m. Let d(t) = -1 + 12 - b + 10*t - 3. Let w(l) = 9*l + 3. Let o(x) = 5*d(x) - 6*w(x). Determine o(5).
-18
Suppose 35 = -3*b - 5*x, -117*b = -122*b - 4*x - 67. Let n(k) = 0*k - 14 + 3*k + k - 5*k. Give n(b).
1
Suppose 164 - 174 = 2*x, 0 = -5*c - 2*x + 80. Let k(v) = -v - 25. Calculate k(c).
-43
Let q(m) = -14*m**2 - 9*m + 34. Let t(n) = -6*n**2 - 5*n + 15. Let r(j) = 2*q(j) - 5*t(j). Give r(-6).
23
Let g(t) be the third derivative of 1/6*t**4 - 40*t**2 + 0 + 0*t - 1/6*t**3. Let m = -18 - -14. Calculate g(m).
-17
Suppose 0 - 16 = -5*v + 3*d, 0 = -2*d - 4. Suppose v*f = -r - 6, 0 = 2*r + 3*f - 2 + 12. Let n(k) = k**2 + 2*k + 2. What is n(r)?
2
Let y = 13 - 58. Let t be 6/y*-39*-5. Let r = t + 19. Let p(s) = -s - 2. Calculate p(r).
5
Let z(q) = -10*q + 4*q - 34048 + 34276. Determine z(43).
-30
Suppose -c + 4*i - 10 = 0, 2*c - 6*c - 19 = 5*i. Let l be (-464)/c + (-1)/3. Let n = 86 - l. Let m(b) = -b**3 + 8*b**2 + 9*b - 7. What is m(n)?
-7
Let w(z) = -z**3 + 4*z**2 + 3*z + 1. Suppose -14 + 19 = i. Suppose i*f + 3*x - 10 = 0, 2*f - 3*f = x. Calculate w(f).
-9
Let f(g) be the second derivative of -g**4/6 + 3*g**3/2 - 5*g**2/2 + 150*g - 3. Calculate f(0).
-5
Let l(a) = 1. Let b(v) = 2*v**2 + 6*v + 12. Let r be b(-6). Let i(f) = -6 + 41*f + r*f - 87*f. Let q(x) = -i(x) - 2*l(x). What is q(4)?
-4
Let l(y) = -y**2 + 5*y - 4. Let k = -35 + 42. Suppose 65 = k*r - 2*r. Suppose 4*i + r = -f, -6*f + 8 = -2*f + i. Give l(f).
2
Let i = 22 - 22. Suppose -5*a - 5*x = -40, i = -x - 0 + 2. Let c(t) = 7*t**2 - 10*t + 2. Let k(j) = -8*j**2 + 10*j - 1. Let b(h) = 7*c(h) + 6*k(h). Give b(a).
-16
Let r(i) = -19*i - 44. Suppose 127*b - 134*b + x - 26 = 0, -3*b - 3*x = -6. Determine r(b).
13
Let r(a) be the third derivative of a**9/10080 + a**8/10080 + a**7/5040 + 5*a**5/12 + 16*a**2. Let d(t) be the third derivative of r(t). Calculate d(-1).
-5
Suppose 13 + 42 = 11*w. Let f(t) = 4*t**2 - 5*t**2 - w*t - 3*t**2 + 2 + 7*t**2. What is f(3)?
14
Let l be (-3)/(-12)*(-5 + -1 - -26). Let w(k) = 2*k**2 - 9*k - 11. Calculate w(l).
-6
Let j(k) = -10*k**2 - 51*k -